be k(15). Let c = 732 + -369. Calculate the highest common factor of c and i.
33
Let i(q) = 7*q**3 + 5*q**2 + q - 3. Let y be i(2). Suppose y = 2*t + 3*t. Calculate the greatest common factor of t and 5.
5
Let w = 172 - 148. Let u = -19 - -22. Calculate the greatest common factor of u and w.
3
Let l = 1559 - 1497. What is the highest common factor of 279 and l?
31
Suppose -n + 522 = 5*n. Let w = 93 - n. What is the greatest common divisor of w and 42?
6
Let b be (189/28)/(3/8). Let m = 20 - b. Calculate the greatest common factor of 14 and m.
2
Let j = 0 - -1. Suppose y = 4*y + 36. Let a be (y + -6)/(1 - 3). Calculate the highest common factor of a and j.
1
Let b be 14/(-63)*1 - 1302/(-27). Suppose 172 = 2*u + 3*u - 4*n, -4*n = 12. What is the greatest common divisor of b and u?
16
Let x(b) = -b**3 - 31*b**2 + 66*b + 63. Let i be x(-33). What is the greatest common factor of 9 and i?
9
Let k = 320 - -36. Suppose x + 37 = k. Calculate the greatest common factor of x and 29.
29
Let d(h) = -h**3 - 5*h**2 + 11*h + 39. Let f be d(-6). What is the greatest common divisor of 30 and f?
3
Let i(r) = -2*r. Let b be i(-6). Suppose 148 = -12*t + 16*t. Suppose 0 = -5*z - 15, v = -2*z + t + 17. Calculate the greatest common factor of v and b.
12
Let a = 2150 - 1227. Calculate the greatest common divisor of 71 and a.
71
Suppose 19*h = 17*h. Let i be 6 - (h - -3 - 2). Suppose 3*n = -b + 31, 2*b + 53 = 5*n + 5*b. What is the greatest common factor of i and n?
5
Suppose 0 = 6*x + 7*x - 728. Calculate the greatest common factor of 56 and x.
56
Let d be 3*(-4)/(-30)*20. Let k = 22 - d. Suppose 8*w + 1330 = 27*w. What is the greatest common divisor of k and w?
14
Suppose 3*g + m - 110 = 0, g + 0*g - 33 = -4*m. What is the greatest common factor of 148 and g?
37
Let c be (-65)/26*(104/(-10) + -4). What is the greatest common divisor of c and 300?
12
Let b be 36 + -34 - (-2 + -227). Suppose -6*q = -3*q + 4*f - 99, f + 165 = 5*q. What is the highest common factor of q and b?
33
Suppose 42*x = 39*x - 2*m + 23, -3*m = -12. Let l be -6*(10/(-3))/1. Calculate the highest common divisor of l and x.
5
Suppose -5*h = 44*t - 45*t - 723, 4*t - 298 = -2*h. Calculate the greatest common factor of h and 25.
5
Suppose 180 = 85*d - 76*d. Calculate the greatest common divisor of 410 and d.
10
Let h be (0 - 1)*(-6 - -10) - -1. Let r be h/12 - 111/(-12). What is the greatest common factor of 3 and r?
3
Let d(r) = 13*r - 7. Let h be d(7). Suppose -y - 5 = 10. Let x be (-20)/3*27/y. Calculate the greatest common factor of h and x.
12
Suppose -q + 2*q = 4*k + 5, -15 = k - 3*q. Suppose u + 18 - 54 = k. Calculate the highest common divisor of 12 and u.
12
Suppose 7*i + 46 = 760. Let g be (-1 - (-5 + 2)) + i. What is the greatest common divisor of g and 13?
13
Suppose -4*k + 270 = 2*z, -31 = -4*k - 5*z + 224. Calculate the greatest common factor of 42 and k.
14
Suppose 5*v - 3*u = 83, 3*v - 69 = -2*u - u. Calculate the greatest common factor of v and 779.
19
Let a be -60*(108/(-10))/3. Calculate the greatest common divisor of a and 24.
24
Let f be 2/3 + 750/9. Suppose 5*a - 786 = -716. Calculate the highest common factor of a and f.
14
Suppose 0 = -3*y - z + 243 - 50, -z = -5*y + 335. What is the highest common factor of y and 143?
11
Suppose -7*n = d - 125, -3*n = -4*d - 98 + 40. Let l be 2/((10/(-144))/(-5)). Calculate the greatest common divisor of n and l.
18
Let r = 6 + -4. Suppose 0 = 4*n + 4, 0 = 4*q - 0*n - 4*n + 44. Let i be q/90 + (-1088)/(-60). What is the highest common divisor of r and i?
2
Let i be 6/9 - 2/3. Let x be 2/3*(-21)/(-2) - i. Calculate the highest common divisor of x and 56.
7
Let i be 70/(-4)*(5 + -7). Suppose 32*l = 178 - 18. Calculate the greatest common factor of i and l.
5
Let n = 3 - 2. Let t be -5 + 8 + n + -2. Let b be 15 + -5 + 4/t. What is the greatest common factor of 12 and b?
12
Let t be ((-35)/(-2))/((-2)/(-4)). Let h(d) = 3*d**2 - 4*d + 2. Let c be h(5). Let j be c/9 - (-12)/18. Calculate the greatest common factor of j and t.
7
Let l = -548 - -1211. What is the highest common factor of 51 and l?
51
Let s(u) = 29*u - 12. Let j be s(6). Suppose 6*r + j - 2826 = 0. Let v be r/54 - 6/27. What is the greatest common divisor of v and 72?
8
Let l(g) = g**3 - 7*g**2 + 6*g + 5. Let w be l(6). Suppose -13 - 22 = -w*h. Let p = h - -6. Calculate the greatest common factor of 104 and p.
13
Let a(s) = -7*s + 98. Let q be a(-21). Calculate the highest common factor of 49 and q.
49
Suppose k + 0*s = -s - 4, k - 4*s = -4. Let c be (k/20 - -1)*5. What is the greatest common divisor of c and 1?
1
Let x(i) = i**3 + 12*i**2 + 9*i - 18. Let o be x(-11). Let a(p) = p**2 + 3*p. Let b be a(o). What is the greatest common divisor of b and 154?
14
Let g be 9*(0 - (-5 - 28/(-7))). Suppose f = -0*f - 1. Let y be (-54)/(-1) - (f + 1). What is the highest common divisor of y and g?
9
Let m be (-2)/8 + 78/24. Suppose -57 = -m*v + 21. Let y(x) = 29*x - 24. Let l be y(8). What is the highest common divisor of l and v?
26
Suppose 20 = -a - 4*a, 0 = 3*j - a - 196. What is the highest common factor of 8 and j?
8
Let p(s) = -9*s**2 - 2*s + 20. Let i be p(0). Calculate the highest common factor of i and 180.
20
Suppose -170 = -2*s + 2*b, 0 = 29*s - 32*s - 3*b + 249. Calculate the greatest common divisor of 441 and s.
21
Suppose 3*y - 2076 = -4*i + 5*y, 3*y = -i + 512. Let q be i/18 - (-8)/36. Calculate the highest common divisor of 29 and q.
29
Suppose 3*a - k - 44 = 0, -a - 9*k + 24 = -7*k. Let v be 14*-3*(-3 + 2). Let x = v - a. What is the highest common factor of x and 156?
26
Let b(g) = -3 + 4 + 3 - 9*g - 1. Let o be b(-3). What is the greatest common factor of o and 6?
6
Let t = -140 - -2197. Suppose -t - 343 = -15*d. Calculate the greatest common divisor of 16 and d.
16
Let o be 5/(-15) + 30/9. Suppose 3*t + 0*t - 12 = -o*s, 3*t - 12 = 3*s. Suppose 4*k - 3*k - 12 = 0. Calculate the highest common factor of k and t.
4
Let d(n) = -1. Let h(t) = -167*t - 4. Let c(u) = d(u) - h(u). Let z be c(1). Calculate the greatest common divisor of z and 68.
34
Let r(n) = -n**3 - 16*n**2 - 14*n + 21. Let g be r(-15). Calculate the greatest common factor of g and 12.
6
Suppose 4*o = d - 243, -43*d + 47*d - 948 = 4*o. Calculate the greatest common factor of d and 20.
5
Let o(q) = -19*q - 17. Let c be o(-10). Let j = 263 - c. Calculate the greatest common factor of j and 60.
30
Let w be (-8 + (20/6 - -8))*54. What is the greatest common divisor of 12 and w?
12
Suppose -105 - 469 = -14*f. Calculate the highest common divisor of 205 and f.
41
Let g be 300*-3*4/(-8). What is the greatest common divisor of 18 and g?
18
Let c(r) = 28*r + 4. Let u be c(0). What is the highest common factor of u and 92?
4
Let u(d) = 11*d**2 - d. Let x be u(3). Suppose 2*c + 8 - x = 0. What is the highest common divisor of 132 and c?
44
Let t = 576 + -333. Let d(h) = h**2 + 9*h + 3. Let p be d(-9). Suppose o - 35 = 4*r, p*o = 3*r + r + 89. What is the highest common factor of t and o?
27
Let k be 4/((-8)/(-42)) - (-119)/17. Let g(c) = c + 6. Let v be g(-5). Suppose 9 = 2*r + v. What is the greatest common divisor of r and k?
4
Suppose -5*p + 3*g = -338, -71 = -p + 2*g - 9. What is the highest common divisor of p and 56?
14
Let c(i) = -25*i - 78. Let u be c(-6). Calculate the highest common divisor of 9 and u.
9
Let v = 150 + -116. What is the highest common divisor of 34 and v?
34
Suppose -x - 4*q + 5 = -0*x, 2*q = -2*x + 4. Let s be (2 - x)/((-2)/(-24)). Calculate the greatest common factor of 96 and s.
12
Suppose 0 = -3*y - 4*l + l + 150, 4*l = 4*y - 168. What is the greatest common factor of y and 184?
46
Let o be (-598)/(-39)*90 - 1*5. What is the greatest common factor of o and 11?
11
Let w be 21/(0 - 3/(-40)). Suppose 74 = 2*n - 262. Let v = w - n. What is the highest common factor of v and 28?
28
Suppose -4*p - 100 = 5*i, 3*i - 5*i = p + 25. Suppose 3*s + 3*h = 120, 5*s + 4*h - 74 = 3*s. Let x = s + p. Calculate the highest common factor of x and 54.
18
Suppose 69 = 4*t - 3*j, -120 = -5*t - 4*j + j. Suppose 2*c + 29 = a, 47 = -2*c + 4*a - 9*a. Let z = t + c. What is the highest common factor of 10 and z?
5
Let y be (-2)/3 + 2 + (-321)/(-9). Suppose -3*p = o - 35, -5*p = o - p - y. What is the greatest common fa